 0. Calculate the greatest common divisor of 4 and w.
4
Let y = 714 + 12096. What is the greatest common divisor of y and 210?
210
Let b(z) = 2*z**3 + 32*z**2 + 29*z - 6. Suppose -47*k = 576 + 129. Let p be b(k). What is the highest common divisor of p and 72?
9
Suppose 3*f + 5*b - 254 = 0, 9*f = 4*f - b + 460. Calculate the highest common factor of 527 and f.
31
Suppose -m + 42 = -2*z - 158, 0 = 2*z + 12. What is the greatest common divisor of m and 32?
4
Let k be (-3)/5 + (-21)/15 + 990 + 2. What is the greatest common factor of k and 2376?
198
Let u(g) = g**2 + 9. Let w be u(4). Suppose -x - 5*i + 44 = 0, -28*x + 182 = -w*x + 5*i. Calculate the highest common divisor of x and 3.
3
Let s be (-362 + 360)/((-65)/63 - -1). Calculate the greatest common factor of 609 and s.
21
Suppose 0 = -3*g + 15, 0*h - h + 4*g + 12 = 0. Let i be (-2)/(-9) + (3 - h/(-18)). Calculate the highest common divisor of i and 20.
5
Let g(t) = t**3 + 16*t**2 - 13*t + 3. Let x be g(-12). Suppose 0 = -52*y + 45*y + x. Calculate the highest common divisor of 15 and y.
15
Suppose 3638 = -156*q + 10190. Suppose 4*n - 4*s = 336, -47 - 289 = -4*n - s. What is the highest common factor of n and q?
42
Suppose 1393 = 78*l - 635. Suppose 52 = 2*q + 2*q. Calculate the greatest common divisor of q and l.
13
Suppose -o - 6 = -14. Let s(q) = 235*q - 9814. Let i be s(42). What is the greatest common factor of i and o?
8
Let l(b) = -27*b - 23. Let m be l(-5). Let z be 3/24 - (-4578)/m. What is the highest common factor of z and 369?
41
Let d = -8063 + 12803. Calculate the greatest common divisor of 120 and d.
60
Let f(y) = 2*y**3 + 4 - 9*y + 6*y + 3 - 5*y**2 + 0. Let u be f(3). Calculate the greatest common divisor of 154 and u.
7
Suppose -122 - 4 = -c. Let l = 75038 - 75020. What is the greatest common divisor of l and c?
18
Let t = 556 - 316. Let l be ((-18)/4)/((-45)/t). Let w be 4/18 + 644/18. What is the greatest common factor of l and w?
12
Let s(o) = -o**3 - 6*o**2 - 7*o - 10. Let j be s(-5). Let c be ((-1)/(-2)*j)/(-3). Let d = c + 8. What is the greatest common divisor of d and 4?
4
Suppose -1 = -5*m - 6, -487 = 5*d + 2*m. Let y = d + 112. What is the greatest common divisor of y and 270?
15
Suppose 13*k - 21*k + 928 = 0. Calculate the highest common factor of 87 and k.
29
Let u be 2/((-40)/25 + 2). Suppose 4*t + t + 47 = -z, 3*z = u*t - 101. Let f = -34 - z. What is the highest common divisor of f and 1?
1
Let z(h) be the second derivative of -5*h**3/6 - 11*h**2/2 + 33*h + 2. Let k be z(-6). What is the highest common factor of 1 and k?
1
Suppose 3614*c - 250 = 3604*c. Calculate the highest common divisor of 6025 and c.
25
Let j = -2253 + 4998. Calculate the highest common divisor of 126 and j.
9
Let j be ((-18)/15)/(15/(-6075)). What is the greatest common divisor of j and 72?
18
Let h be -5 - -64 - (0 + -3). Suppose -h - 73 = -3*l. Calculate the greatest common divisor of l and 5.
5
Let v = -42 - -114. Let u be (-255)/(-6)*((-296)/(-40) - -7). What is the highest common factor of u and v?
36
Let d be 5*((54/(-15))/(-6))/1. Suppose -n + 18 = 3*t, n + 0*n - 11 = 4*t. Suppose -d = 3*r - n. Calculate the highest common factor of 16 and r.
4
Let w(q) = q + 123. Let o be w(-23). Let h(i) = -20*i + 204. Let g be h(10). What is the highest common divisor of g and o?
4
Let d(y) = 3*y**3 - 15*y**2 + 36*y - 12. Let o be d(5). Calculate the greatest common divisor of o and 112.
56
Let a(m) = 9*m - 130. Let r be a(13). Let z be (2652/(-8))/r - 15/(-6). Calculate the highest common factor of 35 and z.
7
Let s(h) = -h**2 - 27*h - 90. Let l be s(-9). What is the greatest common divisor of l and 1476?
36
Let h = -61267 + 61273. Let y(f) = f**3 + 7*f**2 + 4*f - 4. Let o be y(-6). What is the greatest common divisor of h and o?
2
Suppose 29*n + 4*h - 476 = 27*n, 5*n - 1177 = 3*h. Calculate the highest common factor of n and 32.
4
Let s = 332 - 221. Let u be s*((-42)/(-9) + -4). Suppose 2*b + 5*w = w + 152, -b - 3*w = -u. Calculate the highest common divisor of 60 and b.
20
Let w(i) = 6*i + 109. Let m be w(-16). Suppose m = -2*y + 23. Let q = 89 + -49. Calculate the highest common factor of y and q.
5
Suppose 0 = 4*q + 4*n - 20596, 0 = 2*q - 4*n + 6754 - 17064. What is the greatest common factor of 357 and q?
51
Let t be ((-20384)/(-40))/(-13)*15*(-4)/8. Calculate the greatest common divisor of t and 6.
6
Let w = -12749 - -12773. What is the greatest common divisor of w and 528?
24
Let x be 1872/(-96)*(0 + (-11)/6)*4. What is the highest common factor of x and 1441?
11
Let t = -6931 - -6937. Let y(g) = -g**3 - 4*g**2 + 6*g + 7. Let m be y(-5). What is the highest common factor of t and m?
2
Suppose x - 4*x + 6 = 0. Suppose t + 18 = 3*v, 3*v - x*v + 5 = 4*t. Suppose 1 = 4*l + 17, -2*m + l = -116. Calculate the greatest common divisor of v and m.
7
Let g = 3823 - 3789. Let w = 60 - 9. Calculate the greatest common divisor of w and g.
17
Let s(q) = q**3 + 2*q**2 - 74*q - 33. Let a be s(9). What is the highest common factor of 8192 and a?
64
Suppose -78*d = -167753 + 136631. Suppose 4*i - 168 = -0*i. Calculate the greatest common factor of d and i.
21
Let h(j) be the first derivative of 3*j**3 + 8*j**2 + 65*j + 107. Let p be h(-9). What is the highest common factor of p and 50?
50
Suppose 0 = i + 3*l - 457, 4*i - 2*l = 1700 + 86. Calculate the greatest common divisor of i and 112.
112
Let h be 4542/14 + (-64)/(-112). Calculate the highest common divisor of h and 715.
65
Let t be (-45)/12 - (-69727)/196. What is the greatest common divisor of t and 374?
22
Suppose 13 = v + 3. Suppose -10 = 13*b - 179. Suppose -2*m = l - 30, -10*l - 90 = -b*l + m. Calculate the highest common factor of l and v.
10
Let s = -78 - -112. Let d(w) = w**3 + 3*w**2 - 4*w + 5. Let j be d(-3). Calculate the greatest common factor of s and j.
17
Let q = -231 - -228. Let g be -6 - -11 - -4 - q. Calculate the highest common factor of g and 6.
6
Let k = -2 - -18. Let n be 4 - (-890 + -7 + 7). Suppose -n*h + 891*h + 192 = 0. Calculate the greatest common divisor of h and k.
16
Let h be 1 - 1 - (-378 + 357). What is the highest common divisor of h and 763?
7
Let i = 13280 + -5565. Calculate the highest common factor of 5 and i.
5
Let b be (-99)/(-22)*(-16)/18*(-23)/4. Calculate the highest common divisor of b and 2783.
23
Let k be -28*((-182)/(-49))/13 + 32. Calculate the greatest common factor of k and 243.
3
Let p = 458 - 458. Suppose p*i = 5*i - 4960. Calculate the greatest common divisor of i and 62.
62
Let k be 7/1 - (-62 - 6). Let w = 117 - k. Calculate the highest common divisor of w and 231.
21
Suppose 3*h - 5*o - 7968 - 1141 = 0, -h + 3055 = o. What is the highest common divisor of h and 48?
24
Suppose 0 = -38*s + 47703 + 94759. What is the greatest common factor of 92 and s?
23
Suppose -272*c = -313*c + 5822. What is the greatest common divisor of c and 5325?
71
Suppose -3 = 3*h - 12. Suppose 0 = -h*v + 150 + 150. Let l(k) = -k**3 - 63*k**2 - 64*k - 104. Let y be l(-62). Calculate the highest common divisor of y and v.
20
Let f be ((-50)/30)/((-1)/(-6)). Let o be (-141)/(-6) - 5/f. Let y be 110/15 + (-2)/(-3). Calculate the greatest common divisor of y and o.
8
Suppose -32*a + 36414 = 87*a. What is the greatest common factor of a and 510?
102
Let n = -18 - -51. Let o be ((-1734)/12 - -150) + (-1)/(-2)*25. What is the highest common factor of o and n?
3
Suppose 5*t - 5*g - 5 = 0, -2*g - 31 = -3*t - 6*g. Let b be (-5)/(2 + 5 + (-15180)/948 + 9). What is the greatest common divisor of t and b?
5
Let k(x) = 7*x**2 - 12*x - 40. Let n be k(4). Let s = 127 - -137. What is the greatest common divisor of n and s?
24
Let z(t) = t**3 + t**2 + 442*t + 40. Let h be z(0). Calculate the highest common factor of h and 95.
5
Let z be -1 + (13 - 8) + (-84)/(-2). Suppose z*k = 47*k - 12. Calculate the greatest common divisor of k and 6.
6
Let y(p) = -20*p. Let k be y(-3). Let w be 24/k*(-115)/(-1). Let s be ((-135)/75)/(699/(-345) + 2). Calculate the highest common divisor of w and s.
23
Suppose 21*g - 5856 = -40*g. Let v(i) = 84*i**2 + 25*i - 63. Let o be v(3). Calculate the greatest common factor of g and o.
96
Let r be 68/(-442) + (-540396)/(-78). What is the highest common factor of r and 16?
16
Let c(u) = -20*u**3 - 2*u**2 - 3*u 